957.
3, 1482773
What are the prime factors of 1450931?
1450931
List the prime factors of 1703053.
11, 154823
List the prime factors of 3172504.
2, 396563
What are the prime factors of 232153?
232153
List the prime factors of 151467.
3, 29, 1741
What are the prime factors of 23367787?
23367787
List the prime factors of 15955679.
15955679
List the prime factors of 3874554.
2, 3, 23917
List the prime factors of 2365095.
3, 5, 29, 5437
What are the prime factors of 193303?
11, 17573
List the prime factors of 128638.
2, 64319
List the prime factors of 409230.
2, 3, 5, 4547
List the prime factors of 143600.
2, 5, 359
What are the prime factors of 161846?
2, 80923
List the prime factors of 455101.
23, 47, 421
What are the prime factors of 616871?
616871
What are the prime factors of 175654?
2, 71, 1237
What are the prime factors of 867704?
2, 108463
List the prime factors of 4701053.
7, 79, 8501
What are the prime factors of 53708?
2, 29, 463
What are the prime factors of 991527?
3, 330509
What are the prime factors of 914537?
13, 103, 683
What are the prime factors of 611546?
2, 13, 43, 547
What are the prime factors of 2120787?
3, 61, 3863
What are the prime factors of 31405?
5, 11, 571
What are the prime factors of 7912853?
13, 29, 139, 151
List the prime factors of 634201.
19, 29, 1151
List the prime factors of 3816055.
5, 19, 40169
What are the prime factors of 13936942?
2, 23, 302977
List the prime factors of 1435256.
2, 179407
What are the prime factors of 996938?
2, 498469
List the prime factors of 789362.
2, 7, 56383
What are the prime factors of 19172661?
3, 6390887
List the prime factors of 3656607.
3, 19, 64151
What are the prime factors of 6509423?
743, 8761
List the prime factors of 607929.
3, 7, 28949
What are the prime factors of 1324743?
3, 7, 199, 317
What are the prime factors of 191170?
2, 5, 7, 2731
List the prime factors of 1962685.
5, 173, 2269
What are the prime factors of 1699766?
2, 849883
What are the prime factors of 74120?
2, 5, 17, 109
What are the prime factors of 16342290?
2, 3, 5, 60527
What are the prime factors of 6635?
5, 1327
List the prime factors of 1403836.
2, 7, 181, 277
List the prime factors of 1225372.
2, 113, 2711
List the prime factors of 2944918.
2, 67, 21977
What are the prime factors of 456109?
456109
What are the prime factors of 5789538?
2, 3, 37, 8693
What are the prime factors of 181983?
3, 60661
List the prime factors of 15288.
2, 3, 7, 13
List the prime factors of 330649.
11, 30059
List the prime factors of 1529542.
2, 7, 109253
List the prime factors of 3963795.
3, 5, 11, 24023
What are the prime factors of 2872675?
5, 13, 8839
List the prime factors of 374895.
3, 5, 2777
List the prime factors of 21430.
2, 5, 2143
List the prime factors of 5910032.
2, 229, 1613
What are the prime factors of 27908571?
3, 103, 181, 499
What are the prime factors of 865166?
2, 101, 4283
List the prime factors of 5547832.
2, 431, 1609
What are the prime factors of 138894?
2, 3, 7, 3307
List the prime factors of 2051116.
2, 512779
List the prime factors of 36429106.
2, 7, 67, 71, 547
What are the prime factors of 17504418?
2, 3, 2917403
List the prime factors of 3408232.
2, 23, 18523
List the prime factors of 14706245.
5, 31, 79, 1201
What are the prime factors of 4550688?
2, 3, 23, 229
What are the prime factors of 3760337?
7, 537191
List the prime factors of 177131.
177131
What are the prime factors of 11962255?
5, 307, 7793
List the prime factors of 218363.
218363
List the prime factors of 706944.
2, 3, 7, 263
List the prime factors of 359232.
2, 3, 1871
What are the prime factors of 82599?
3, 11, 2503
What are the prime factors of 4127837?
7, 491, 1201
What are the prime factors of 6014936?
2, 751867
List the prime factors of 488463.
3, 162821
List the prime factors of 232166.
2, 11, 61, 173
List the prime factors of 4410.
2, 3, 5, 7
List the prime factors of 730545.
3, 5, 113, 431
List the prime factors of 136315.
5, 137, 199
What are the prime factors of 1129585?
5, 263, 859
What are the prime factors of 444840?
2, 3, 5, 11, 337
What are the prime factors of 13198450?
2, 5, 107, 2467
List the prime factors of 10353047.
769, 13463
List the prime factors of 1027460.
2, 5, 7, 41, 179
List the prime factors of 23156492.
2, 23, 251701
What are the prime factors of 1103104?
2, 31, 139
List the prime factors of 19410522.
2, 3, 3235087
List the prime factors of 2159934.
2, 3, 7, 51427
What are the prime factors of 171583?
171583
List the prime factors of 2262310.
2, 5, 226231
What are the prime factors of 706695?
3, 5, 11, 4283
List the prime factors of 2244468.
2, 3, 359, 521
List the prime factors of 15334649.
11, 29, 53, 907
List the prime factors of 367488.
2, 3, 11, 29
List the prime factors of 2452446.
2, 3, 136247
What are the prime factors of 1877974?
2, 7, 19163
List the prime factors of 8275668.
2, 3, 17, 113, 359
What are the prime factors of 470557?
23, 41, 499
What are the prime factors of 1965783?
3, 655261
What are the prime factors of 2256641?
269, 8389
List the prime factors of 385796.
2, 43, 2243
What are the prime factors of 3101211?
3, 317, 1087
What are the prime factors of 1506634?
2, 43, 17519
What are the prime factors of 4909691?
1657, 2963
List the prime factors of 5275452.
2, 3, 7, 13, 4831
List the prime factors of 329164.
2, 11, 7481
What are the prime factors of 1913457?
3, 7, 13, 43, 163
What are the prime factors of 284334?
2, 3, 47389
What are the prime factors of 66379?
41, 1619
List the prime factors of 321532.
2, 31, 2593
List the prime factors of 4995018.
2, 3, 7, 29, 1367
List the prime factors of 15194570.
2, 5, 53, 28669
What are the prime factors of 158121?
3, 17569
What are the prime factors of 873860?
2, 5, 13, 3361
What are the prime factors of 4943524?
2, 113, 10937
What are the prime factors of 2022183?
3, 23, 9769
What are the prime factors of 183655?
5, 23, 1597
What are the prime factors of 7458000?
2, 3, 5, 11, 113
What are the prime factors of 221310?
2, 3, 5, 2459
What are the prime factors of 12809270?
2, 5, 43, 29789
List the prime factors of 550055.
5, 11, 73, 137
What are the prime factors of 726208?
2, 7, 1621
What are the prime factors of 48344?
2, 6043
What are the prime factors of 3144438?
2, 3, 11, 15881
What are the prime factors of 150725?
5, 6029
List the prime factors of 16334635.
5, 3266927
List the prime factors of 287371.
7, 61, 673
List the prime factors of 19054624.
2, 29, 20533
What are the prime factors of 698087?
13, 53699
List the prime factors of 5836087.
5836087
What are the prime factors of 945059?
945059
List the prime factors of 12074184.
2, 3, 6211
What are the prime factors of 21016?
2, 37, 71
List the prime factors of 73388.
2, 7, 2621
What are the prime factors of 25872180?
2, 3, 5, 431203
List the prime factors of 207982.
2, 103991
List the prime factors of 375353.
11, 34123
List the prime factors of 3596007.
3, 1198669
What are the prime factors of 787975?
5, 43, 733
What are the prime factors of 204596?
2, 7, 7307
List the prime factors of 326154.
2, 3, 19, 2861
What are the prime factors of 568634?
2, 11, 25847
What are the prime factors of 2497843?
41, 60923
What are the prime factors of 26627737?
41, 649457
List the prime factors of 14988696.
2, 3, 17, 2161
List the prime factors of 111055.
5, 7, 19, 167
List the prime factors of 9255467.
13, 711959
List the prime factors of 9445269.
3, 853, 3691
List the prime factors of 141689.
141689
What are the prime factors of 804282?
2, 3, 134047
List the prime factors of 2675972.
2, 13, 51461
List the prime factors of 1721042.
2, 307, 2803
What are the prime factors of 461477?
29, 15913
List the prime factors of 541677.
3, 103, 1753
What are the prime factors of 33280?
2, 5, 13
What are the prime factors of 177520?
2, 5, 7, 317
What are the prime factors of 20522314?
2, 29, 353833
What are the prime factors of 3148938?
2, 3, 13, 13457
List the prime factors of 181795.
5, 103, 353
List the prime factors of 3167777.
89, 35593
List the prime factors of 4626598.
2, 419, 5521
List the prime factors of 5365235.
5, 821, 1307
List the prime factors of 1286381.
1286381
List the prime factors of 11041798.
2, 43, 128393
List the prime factors of 830066.
2, 181, 2293
List the prime factors of 692